to base 2
-1001001101010
4783 (base 11) to base 5
200022
Convert 8a3 (base 15) to base 12.
1169
2121013 (base 4) to base 5
303144
Convert 38c (base 14) to base 10.
712
Convert 6074 (base 11) to base 13.
3897
593 (base 11) to base 6
3135
Convert b375 (base 15) to base 16.
9416
Convert -200021 (base 3) to base 12.
-351
What is 553 (base 8) in base 14?
1bd
-3376 (base 9) to base 12
-1543
What is 20213 (base 4) in base 15?
26b
-1100022 (base 3) to base 16
-3d4
-44242 (base 5) to base 16
-c00
What is 4155 (base 8) in base 4?
201231
What is 50a (base 13) in base 9?
1150
What is -1330114 (base 5) in base 9?
-40818
Convert -1000100110110 (base 2) to base 3.
-20001012
-8f3 (base 16) to base 5
-33131
-120 (base 6) to base 13
-39
Convert 4a61 (base 13) to base 15.
31dc
What is -1333 (base 6) in base 9?
-423
What is -3670 (base 12) in base 15?
-1c3c
112111 (base 3) to base 14
1dd
Convert 78424 (base 10) to base 15.
18384
Convert 420 (base 13) to base 2.
1010111110
Convert -11011101110 (base 2) to base 7.
-5113
Convert 4717 (base 9) to base 2.
110110101011
Convert -3112412 (base 5) to base 12.
-25606
-990b (base 13) to base 5
-1140210
What is 954 (base 15) in base 6?
13424
Convert -22013 (base 5) to base 4.
-113210
What is 1b30 (base 12) in base 2?
110100010100
-3004 (base 5) to base 2
-101111011
-1503 (base 6) to base 4
-12033
-7557 (base 8) to base 3
-12102100
What is -5 (base 14) in base 4?
-11
-143220 (base 5) to base 16
-17ac
What is 12d (base 14) in base 6?
1033
Convert -1432302 (base 5) to base 4.
-13121313
What is -62535 (base 8) in base 6?
-320045
Convert -133 (base 12) to base 15.
-c3
Convert 1010101011111 (base 2) to base 9.
7448
Convert -2998 (base 11) to base 3.
-12021220
Convert 43265 (base 11) to base 6.
1203022
-9d5 (base 14) to base 16
-79f
Convert 11745 (base 8) to base 14.
1bdb
-663c (base 13) to base 16
-37a7
547 (base 11) to base 2
1010010000
Convert 3114 (base 7) to base 12.
769
What is 2120112 (base 4) in base 2?
10011000010110
-150646 (base 7) to base 3
-1110222021
Convert 40f (base 16) to base 3.
1102111
Convert feb (base 16) to base 7.
14611
4723 (base 9) to base 15
1089
-10643 (base 9) to base 4
-1232232
Convert 172323 (base 8) to base 9.
104868
Convert 121011 (base 3) to base 7.
1162
-1459 (base 12) to base 3
-10020220
What is -5019 (base 11) in base 3?
-100011020
What is 4431 (base 6) in base 3?
1102001
What is 6624 (base 8) in base 13?
1775
-13000 (base 5) to base 9
-1331
Convert 131e (base 15) to base 13.
1b1a
What is 1757 (base 13) in base 3?
11201212
What is -b906 (base 14) in base 2?
-111110011010010
What is -4ef (base 16) in base 12?
-893
What is -618 (base 11) in base 15?
-34a
Convert -b1d (base 14) to base 8.
-4207
What is 2396 (base 10) in base 3?
10021202
Convert 26034 (base 8) to base 12.
6650
-3214 (base 5) to base 13
-275
Convert 3024 (base 5) to base 15.
1ae
-1c4 (base 14) to base 16
-170
Convert 11010010110111 (base 2) to base 3.
200111211
30101021 (base 4) to base 16
c449
Convert -130234 (base 7) to base 10.
-24133
What is 2111110 (base 3) in base 10?
1821
Convert 5487 (base 15) to base 6.
214514
What is -4b6 (base 12) in base 6?
-3150
-6e8 (base 15) to base 10
-1568
Convert 103443 (base 5) to base 15.
1118
Convert -1b9 (base 15) to base 16.
-18f
Convert 2741 (base 9) to base 3.
2211101
-b7 (base 15) to base 7
-334
-337 (base 8) to base 3
-22021
-1221002001 (base 3) to base 11
-26582
What is 558 (base 10) in base 14?
2bc
Convert 497 (base 13) to base 9.
1078
Convert -144311 (base 7) to base 5.
-1343223
-546 (base 9) to base 2
-110111111
21868 (base 9) to base 3
201222022
Convert -5806 (base 9) to base 5.
-114144
Convert -110100000110010 (base 2) to base 6.
-323254
What is 6102 (base 8) in base 15?
de3
Convert 46da (base 16) to base 10.
18138
10da (base 14) to base 2
101101111000
What is -46532 (base 7) in base 2?
-10111010011010
What is -16b9 (base 16) in base 2?
-1011010111001
Convert -121100 (base 3) to base 4.
-12321
Convert -11444 (base 7) to base 3.
-11002002
-334321 (base 5) to base 6
-130444
What is 3380 (base 9) in base 7?
10203
32621 (base 7) to base 5
230243
201101202 (base 3) to base 15
42cb
What is -10103 (base 5) in base 16?
-28d
What is 88a8 (base 11) in base 9?
17077
-3224 (base 6) to base 10
-736
-1121100 (base 3) to base 11
-974
What is -3a87 (base 13) in base 14?
-30b6
1100011001 (base 2) to base 15
37d
-10056 (base 8) to base 14
-171c
What is 22033 (base 4) in base 6?
3011
Convert -30211 (base 4) to base 3.
-1002211
-2142 (base 6) to base 9
-608
What is 112110 (base 3) in base 15?
1b0
42938 (base 10) to base 3
2011220022
Convert -1210121 (base 3) to base 6.
-10024
What is 1433 (base 5) in base 13?
159
Convert -1020201 (base 3) to base 5.
-12120
23a (base 13) to base 9
470
What is -55082 (base 9) in base 12?
-19178
What is -2362 (base 7) in base 16?
-36d
What is 121033 (base 4) in base 10?
1615
What is 638 (base 15) in base 5?
21103
What is -2323 (base 6) in base 8?
-1053
What is 101011111010 (base 2) in base 10?
2810
95a (base 11) to base 4
102002
Convert 3112201 (base 4) to base 8.
32641
Convert -3 (base 7) to base 5.
-3
-1c9 (base 14) to base 3
-111211
What is -81c2 (base 13) in base 14?
-674b
What is 13303 (base 5) in base 12?
75a
Convert 3112230 (base 4) to base 7.
55026
What is -5163 (base 7) in base 9?
-2430
-15621 (base 7) to base 2
-1000101001001
What is -32212 (base 4) in base 2?
-1110100110
1553 (base 14) to base 16
ed5
What is -1a66 (base 11) in base 16?
-a35
What is -3142 (base 5) in base 12?
-2b2
-6d (base 15) to base 4
-1213
23457 (base 13) to base 6
1214233
What is 3ccc (base 16) in base 11?
1076a
What is 261 (base 16) in base 15?
2a9
Convert -1290 (base 11) to base 3.
-2021221
Convert 1551 (base 6) to base 16.
1ab
Convert -486 (base 13) to base 3.
-1002010
-100010010010 (base 2) to base 11
-1715
Convert 302 (base 8) to base 11.
167
Convert -4613 (base 8) to base 3.
-10100111
What is -7326 (base 13) in base 10?
-15918
Convert 350 (base 10) to base 13.
20c
What is -111000000 (base 2) in base 16?
-1c0
Convert 96a (base 14) to base 5.
24413
What is -5da (base 16) in base 9?
-2044
What is 1122 (base 4) in base 12?
76
Convert 16026 (base 9) to base 16.
2acf
Convert -25060 (base 13) to base 8.
-205131
What is 1592 (base 10) in base 2?
11000111000
What is 10201022 (base 4) in base 3?
221101102
Convert 42021 (base 9) to base 12.
14061
What is 1001100010 (base 2) in base 8?
1142
What is 4406 (base 13) in base 6?
111502
Convert 11101011001100 (base 2) to base 8.
35314
Convert -1d80 (base 14) to base 3.
-21102011
1f9 (base 16) to base 14
281
Convert 11110101110011 (base 2) to base 4.
3311303
What is 55421 (base 8) in base 3?
1011222110
What is -156 (base 9) in base 12?
-b0
What is 25131 (base 8) in base 15?
332b
Convert -a2 (base 15) to base 9.
-178
15721 (base 13) to base 4
21330310
-7411 (base 8) to base 9
-5246
Convert -2120102 (base 3) to base 16.
-752
Convert 351421 (base 6) to base 9.
45354
5c6a (base 13) to base 16
332d
3523 (base 12) to base 10
5931
What is -20703 (base 9) in base 7?
-54630
Convert 423 (base 14) to base 15.
395
What is 12432 (base 5) in base 2?
1111100000
What is 620 (base 7) in base 10?
308
-3516 (base 7) to base 16
-507
25322 (base 6) to base 4
323102
What is 653 (base 7) in base 9?
408
-100011001000100 (base 2) to base 13
-8259
Convert 1200212000 (base 3) to base 6.
414430
Convert -63a (base 11) to base 9.
-1044
What is 552 (base 10) in base 7?
1416
Convert 11224 (base 5) to base 8.
1456
Convert -212011 (base 4) to base 8.
-4605
Convert -881 (base 9) to base 8.
-1321
What is -48641 (base 9) in base 3?
-1122201101
Convert -4a7 (base 16) to base 4.
-102213
218 (base 15) to base 3
122112
What is 20211 (base 3) in base 12?
134
Convert 14399 (base 12) to base 14.
a3c1
What is 2002220210 (base 3) in base 11?
291a1
What is -2795 (base 11) in base 15?
-110d
Convert 35700 (base 10) to base 8.
105564
Convert 36 (base 11) to base 15.
29
6960 (base 12) to base 5
333421
What is -49 (base 11) in base 7?
-104
Convert 649 (base 13) to base 3.
1110211
What is -129 (base 11) in base 13?
-b9
Convert -31312 (base 5) to base 13.
-c42
Convert -3131 (base 6) to base 7.
-2023
16013 (base 7) to base 15
14ce
Convert 221 (base 4) to base 6.
105
-42a (base 14) to base 16
-336
3513 (ba